{"id":222,"date":"2025-02-13T12:03:30","date_gmt":"2025-02-13T11:03:30","guid":{"rendered":"https:\/\/supernovagroup.biz\/?page_id=222"},"modified":"2025-02-13T12:25:12","modified_gmt":"2025-02-13T11:25:12","slug":"guernika","status":"publish","type":"page","link":"https:\/\/supernovagroup.biz\/?page_id=222","title":{"rendered":"GUERNIKA"},"content":{"rendered":"\t\t<div data-elementor-type=\"wp-page\" data-elementor-id=\"222\" class=\"elementor elementor-222\" data-elementor-post-type=\"page\">\n\t\t\t\t\t\t<section class=\"elementor-section elementor-top-section elementor-element elementor-element-e927d38 elementor-section-boxed elementor-section-height-default elementor-section-height-default\" data-id=\"e927d38\" data-element_type=\"section\">\n\t\t\t\t\t\t<div class=\"elementor-container elementor-column-gap-default\">\n\t\t\t\t\t<div class=\"elementor-column elementor-col-100 elementor-top-column elementor-element elementor-element-2dcaaf0\" data-id=\"2dcaaf0\" data-element_type=\"column\">\n\t\t\t<div class=\"elementor-widget-wrap elementor-element-populated\">\n\t\t\t\t\t\t<div class=\"elementor-element elementor-element-db84d30 elementor-shape-rounded elementor-grid-0 e-grid-align-center elementor-widget elementor-widget-social-icons\" data-id=\"db84d30\" data-element_type=\"widget\" data-widget_type=\"social-icons.default\">\n\t\t\t\t<div class=\"elementor-widget-container\">\n\t\t\t\t\t\t\t<div class=\"elementor-social-icons-wrapper elementor-grid\" role=\"list\">\n\t\t\t\t\t\t\t<span class=\"elementor-grid-item\" role=\"listitem\">\n\t\t\t\t\t<a class=\"elementor-icon elementor-social-icon elementor-social-icon-instagram elementor-repeater-item-b2174a3\" href=\"https:\/\/www.instagram.com\/sonoguernika\" target=\"_blank\">\n\t\t\t\t\t\t<span class=\"elementor-screen-only\">Instagram<\/span>\n\t\t\t\t\t\t<i aria-hidden=\"true\" class=\"fab fa-instagram\"><\/i>\t\t\t\t\t<\/a>\n\t\t\t\t<\/span>\n\t\t\t\t\t\t\t<span class=\"elementor-grid-item\" role=\"listitem\">\n\t\t\t\t\t<a class=\"elementor-icon elementor-social-icon elementor-social-icon-tiktok elementor-repeater-item-6492ec1\" href=\"https:\/\/www.tiktok.com\/@sonoguernika?_t=ZN-8trNg1MBHKI&#038;_r=1\" target=\"_blank\">\n\t\t\t\t\t\t<span class=\"elementor-screen-only\">Tiktok<\/span>\n\t\t\t\t\t\t<i aria-hidden=\"true\" class=\"fab fa-tiktok\"><\/i>\t\t\t\t\t<\/a>\n\t\t\t\t<\/span>\n\t\t\t\t\t<\/div>\n\t\t\t\t\t\t<\/div>\n\t\t\t\t<\/div>\n\t\t\t\t\t<\/div>\n\t\t<\/div>\n\t\t\t\t\t<\/div>\n\t\t<\/section>\n\t\t\t\t<section class=\"elementor-section elementor-top-section elementor-element elementor-element-faf2120 elementor-section-boxed elementor-section-height-default elementor-section-height-default\" data-id=\"faf2120\" data-element_type=\"section\">\n\t\t\t\t\t\t<div class=\"elementor-container elementor-column-gap-default\">\n\t\t\t\t\t<div class=\"elementor-column elementor-col-100 elementor-top-column elementor-element elementor-element-ae71972\" data-id=\"ae71972\" data-element_type=\"column\">\n\t\t\t<div class=\"elementor-widget-wrap elementor-element-populated\">\n\t\t\t\t\t\t<div class=\"elementor-element elementor-element-d4e701b elementor-widget elementor-widget-text-editor\" data-id=\"d4e701b\" data-element_type=\"widget\" data-widget_type=\"text-editor.default\">\n\t\t\t\t<div class=\"elementor-widget-container\">\n\t\t\t\t\t\t\t\t\t<p>Francesca Sarasso, classe \u201995, studia pianoforte sin da bambina e si avvicina in adolescenza al canto. Quello che la attrae maggiormente per\u00f2 \u00e8 la composizione. Scrive pop, ma si sente rock e ricerca nella sua musica la sintesi perfetta tra le contaminazioni di diversi mondi e stili musicali.<\/p><p>GUERNIKA debutta nell\u2019estate 2024 con il suo primo singo<em>lo &#8220;Mamma scusa&#8221;<\/em>, un inno alla libert\u00e0, un brano che sfida ogni tipo di pregiudizio sulla sessualit\u00e0. L&#8217;artista in questo brano canta della libert\u00e0 di amare le donne, di vivere la vita come vuole inseguendo le passioni e non rimanendo vittima di inutili convenzioni. La voce di GUERNIKA si fonde in armonia con la base synthwave creando un mix melodico ed energico che trasporta l&#8217;ascoltatore nella testa dell&#8217;artista. Mamma scusa \u00e8 un brano che si candida ad essere uno degli inni delle persone che vogliono vivere la vita fuori dalle costrizioni che la societ\u00e0 moderna spesso impone.<\/p><p><em>\u201cChe sapore hai\u201d<\/em>, il suo secondo singolo, \u00e8 invece il racconto di quegli amori che a tratti sono ossigeno e un istante dopo diventano veleno che non riesci a toglierti da sotto la pelle. <br \/>E proprio questa sua attitudine rock che ha catturato l\u2019attenzione di Supernova, che ha deciso di seguirla nel suo percorso artistico, dal primo singolo fino all\u2019uscita di un album tutto suo previsto per i prossimi mesi.<\/p>\t\t\t\t\t\t\t\t<\/div>\n\t\t\t\t<\/div>\n\t\t\t\t\t<\/div>\n\t\t<\/div>\n\t\t\t\t\t<\/div>\n\t\t<\/section>\n\t\t\t\t<\/div>\n\t\t","protected":false},"excerpt":{"rendered":"<p>Instagram Tiktok Francesca Sarasso, classe \u201995, studia pianoforte sin da bambina e si avvicina in adolescenza al canto. Quello che la attrae maggiormente per\u00f2 \u00e8 la composizione. Scrive pop, ma si sente rock e ricerca nella sua musica la sintesi perfetta tra le contaminazioni di diversi mondi e stili musicali. GUERNIKA debutta nell\u2019estate 2024 con [&hellip;]<\/p>\n","protected":false},"author":1,"featured_media":238,"parent":0,"menu_order":0,"comment_status":"closed","ping_status":"closed","template":"","meta":{"footnotes":""},"categories":[14],"tags":[],"class_list":["post-222","page","type-page","status-publish","has-post-thumbnail","hentry","category-artisti"],"_links":{"self":[{"href":"https:\/\/supernovagroup.biz\/index.php?rest_route=\/wp\/v2\/pages\/222","targetHints":{"allow":["GET"]}}],"collection":[{"href":"https:\/\/supernovagroup.biz\/index.php?rest_route=\/wp\/v2\/pages"}],"about":[{"href":"https:\/\/supernovagroup.biz\/index.php?rest_route=\/wp\/v2\/types\/page"}],"author":[{"embeddable":true,"href":"https:\/\/supernovagroup.biz\/index.php?rest_route=\/wp\/v2\/users\/1"}],"replies":[{"embeddable":true,"href":"https:\/\/supernovagroup.biz\/index.php?rest_route=%2Fwp%2Fv2%2Fcomments&post=222"}],"version-history":[{"count":5,"href":"https:\/\/supernovagroup.biz\/index.php?rest_route=\/wp\/v2\/pages\/222\/revisions"}],"predecessor-version":[{"id":240,"href":"https:\/\/supernovagroup.biz\/index.php?rest_route=\/wp\/v2\/pages\/222\/revisions\/240"}],"wp:featuredmedia":[{"embeddable":true,"href":"https:\/\/supernovagroup.biz\/index.php?rest_route=\/wp\/v2\/media\/238"}],"wp:attachment":[{"href":"https:\/\/supernovagroup.biz\/index.php?rest_route=%2Fwp%2Fv2%2Fmedia&parent=222"}],"wp:term":[{"taxonomy":"category","embeddable":true,"href":"https:\/\/supernovagroup.biz\/index.php?rest_route=%2Fwp%2Fv2%2Fcategories&post=222"},{"taxonomy":"post_tag","embeddable":true,"href":"https:\/\/supernovagroup.biz\/index.php?rest_route=%2Fwp%2Fv2%2Ftags&post=222"}],"curies":[{"name":"wp","href":"https:\/\/api.w.org\/{rel}","templated":true}]}}